 2*m + 1288 = 0. Let q = -54 + y. List the prime factors of q.
2, 3, 17
Suppose -4*v = 0, -f + 2*v = -5*f + 876. Suppose -f - 264 = -3*l. List the prime factors of l.
7, 23
Let m(v) = 13 + 46 - 22 + 64 - 81*v. What are the prime factors of m(-6)?
587
Suppose 2*w + 3084 = 3088. Suppose -w*t = -5*k - 2327, t - 4*k + 68 = 1239. List the prime factors of t.
1151
Let a(y) = 7822*y + 1927. List the prime factors of a(1).
9749
List the prime factors of 7/(28/55168) - -1 - (36 - 41).
2, 6899
Suppose -l + 7*l - 312 = 0. Suppose -4*x = 4 - l. What are the prime factors of x?
2, 3
Suppose 3*d + 609 = -345. Let y = 93 - d. What are the prime factors of y?
3, 137
Let f(y) = 154*y**2 - 50*y - 31. List the prime factors of f(10).
14869
Suppose 0 = -4*j + 15 + 5, 160 = 2*u - 4*j. Suppose -60 = -2*i - 4*x, -3*x - u = -i - 2*i. Let y = 87 - i. What are the prime factors of y?
3, 19
Let m = -1232 - -3311. What are the prime factors of m?
3, 7, 11
Let x(c) = 24*c - 6. Let s be x(3). Let q = s - 34. Suppose -q = 4*h - 464. List the prime factors of h.
2, 3
Suppose 0 = -9*z - 23 + 104. What are the prime factors of 2/(-3) + 4038/z?
2, 7
Let v(i) = i**2 + 3*i - 11. Let u(r) = -4*r + 5. Let w be u(3). List the prime factors of v(w).
17
Suppose 1320 = -21*b - 4476. Let j = b - -558. List the prime factors of j.
2, 3, 47
List the prime factors of (22263/2)/((-69)/(-1196)*13).
2, 41, 181
Let p(i) = -3*i**2 - 10*i + 25. Let o(j) = -8*j**2 - 31*j + 73. Let u(y) = 4*o(y) - 11*p(y). What are the prime factors of u(13)?
2
Let p be (-12)/48 - 269/(-4). Let x = p - -19. Suppose 2*m + 70 = 3*w, -x = -3*w + m - 3*m. List the prime factors of w.
2, 13
Let m(k) = -7*k**2 + 18*k + 1633. What are the prime factors of m(0)?
23, 71
Let g be (-14)/(-7)*(468 - -2). What are the prime factors of ((-40)/(-25))/(-2*(-2)/g)?
2, 47
Suppose -p - 5*i + 2335 = 0, -2*p + 6079 = -4*i + 1423. List the prime factors of p.
2, 5, 233
Suppose 5*v + 0*s + 5*s = 5, -22 = -2*v + 2*s. Let c be 570/15 - v/(-3 - -1). Suppose -c = z - 112. What are the prime factors of z?
71
Suppose -4 + 5 = v + 2*i, -3*v - 21 = -2*i. List the prime factors of v/(-1)*29/1.
5, 29
Let x = 773 + -1246. Let n = 310 - x. What are the prime factors of n?
3, 29
Let g(z) = 10*z**3 + 15*z**2 + 125*z - 348. What are the prime factors of g(15)?
2, 3, 3221
List the prime factors of (-1 - -2)*9400 - 23/(391/34).
2, 37, 127
Suppose 25576 = 2*p + 4*w, 2*p - 25571 = -0*p + w. List the prime factors of p.
2, 3, 2131
Suppose -11*i + 2328 = -7*i. Suppose 1433 = 13*h - i. List the prime factors of h.
5, 31
Let q = -914 + 518. Let b be (-11)/(q/(-8)) + (-2765)/(-9). Let k = 436 - b. What are the prime factors of k?
3, 43
Let v(g) = g**2 + 20*g - 17. Let a be v(-21). Suppose 2498 - 626 = a*l. List the prime factors of l.
2, 3, 13
What are the prime factors of (-17)/(102/78) - -8645?
2, 13, 83
Let x(c) = 5281*c + 413. What are the prime factors of x(4)?
3, 2393
Let u be 1*40/(-25)*(-75)/(-6). What are the prime factors of u/(-8)*(-2060)/(-25)?
2, 103
Let o = -12 - 100. Let c = 29 - o. List the prime factors of c.
3, 47
Let s(m) = -m**3 + 8*m**2 - 2*m - 13. Let k be s(5). Suppose -k*f + 62*f = 4830. List the prime factors of f.
3, 7, 23
Suppose 3*i - 3*m + 186 = -0*m, -4*i - m = 258. Let g = i - -64. Suppose -y + 0*y + 163 = -2*k, 5*y + k - 771 = g. What are the prime factors of y?
5, 31
Let k be -80*((2 - 2) + -1). Let p be (-105)/(-28)*336/70. Let f = k - p. What are the prime factors of f?
2, 31
Suppose 4*l = -2*x + 28582, -x = 2*x + l - 42863. List the prime factors of x.
7, 13, 157
Suppose 100*v + 474 = 97*v. Let w = v - -818. Suppose -q + 5*q - w = -2*a, 0 = 2*a. What are the prime factors of q?
3, 5, 11
Let d(v) = -19*v - 24. Let b(f) = -f**2 + 6*f - 11. Let h be b(5). Let n be d(h). Let i = n - -25. List the prime factors of i.
5, 23
Let o(n) = 3*n**3 - 6*n**2 + 6*n - 5. Let z = 14 - 9. Let s be 6/z*(-170)/(-51). List the prime factors of o(s).
5, 23
Let g(n) = -n**2 + n + 7. Let l(j) = -15*j**2 + j + 3. Let t be l(-2). Let q = t - -59. List the prime factors of g(q).
7
Let j be -5*(1 + -2) + 0. Suppose 16*a = 5*a + 44. Suppose -4*p + 7*p - 327 = a*t, j*t = -5*p + 545. List the prime factors of p.
109
Suppose -a - 33201 = -52*a. What are the prime factors of a?
3, 7, 31
Suppose -13*k + 25 = -9*k + i, 10 = 2*i. Suppose 3*n - 4685 = -k*t, 3*t - 5*n - 2091 = 754. What are the prime factors of t?
2, 5, 47
List the prime factors of (-19 - 5) + 2 - -20220.
2, 10099
Suppose 17997 = w + 1771. Suppose w = 28*f - 14*f. List the prime factors of f.
19, 61
Suppose 0 = -4*s - 4*q + 36, 5*q = 4*q - 1. Let m be (-18)/(-4*5/s). Suppose -k = -5*i + 200, -3*k + m + 15 = i. List the prime factors of i.
3, 13
Let o = -155 - -67. Let n = 176 + o. What are the prime factors of n?
2, 11
Suppose -6*u + 4*u + 10 = 0. Suppose 0 = 2*q - x - u, 0 = 6*q - 4*q - 2*x. Suppose -2*f + 50 = k, 222 = q*k + 2*f + f. What are the prime factors of k?
2, 3, 7
Let r(p) = -4*p**2 - 3*p + 2. Let x be r(1). List the prime factors of -129*(-4 - (2 + x)).
3, 43
Let j = 129 + -116. Let g(s) = -3 + 3 - 28 - j*s. List the prime factors of g(-6).
2, 5
Suppose 16 = -4*x, -6*b = -b + 2*x - 2. Suppose -b*q - 31 = -33, 2*q = -3*w + 2333. What are the prime factors of w?
3, 7, 37
Let p(j) = -2103*j + 1926. List the prime factors of p(-26).
2, 3, 53, 89
Let r = 17 + 142. Suppose -127*a + 864 = -136*a. Let s = r + a. What are the prime factors of s?
3, 7
Suppose 181*u + 656 = 179*u. Let c = -90 - u. What are the prime factors of c?
2, 7, 17
Suppose -5*h = -2*a + 2813 + 4534, 3*a - 4*h = 11003. List the prime factors of a.
7, 523
Let u(l) = 4*l + 80. Let c be u(-21). List the prime factors of -2 + (-1537)/4*c.
5, 307
What are the prime factors of (-2 + -358)*35*(-574)/210?
2, 3, 5, 7, 41
Let z = -24164 + 46581. What are the prime factors of z?
29, 773
Suppose -15*g + 2*n + 216336 = 0, 0 = 24*n - 19*n + 15. List the prime factors of g.
2, 7211
List the prime factors of 1 + 3971 - (-6 + -14 + 14).
2, 3, 13, 17
Let z(f) = 13 + 14*f**2 - 34*f**2 + 15*f**2 + 2*f**3 - 12*f. List the prime factors of z(6).
193
Suppose -37*p - 4113 + 10440 = 0. Let s be (0 + 3)/((-3)/(-15)). What are the prime factors of p/2 + s/30?
2, 43
Suppose -6*k - k + 42 = 0. Suppose 0 = k*h - 421 - 371. What are the prime factors of ((-2 + h)/2)/(-1)*-1?
5, 13
Let j be (24/(-2 - 4))/((-4)/(-86)). Let p = -82 - j. Let n(y) = -y**3 + 7*y**2 + 5*y - 3. List the prime factors of n(p).
5, 13
Suppose -9 + 5 = -2*t - 3*y, 2*t = 3*y + 16. Suppose -t*g - 5*i - 425 = 0, 2*g - i = -2*i - 171. Let x = g + 174. What are the prime factors of x?
2, 11
Let t = 77 - 75. Let l be 4/14 - (104/(-28) + t). Suppose 4*s + l = 42. List the prime factors of s.
2, 5
Suppose 3*h - 3 = -0. What are the prime factors of 9750/40 - h/(-4)?
2, 61
Let p be (32/(-6) + 2)*(-378)/(-45). What are the prime factors of 7/2*p/(-98)*307?
307
List the prime factors of 3 + -6 + 5 + 9 + (32667 - 12).
2, 16333
Suppose -32 = 11*v - 15*v. Let n be (v/(-3))/(4/(-6)). Let j(o) = 6*o**2 + 6*o - 11. List the prime factors of j(n).
109
Suppose -z - 6 = -9. What are the prime factors of 4434/27 - (z + (-50)/18)?
2, 41
Let r = 28743 - 18965. What are the prime factors of r?
2, 4889
Let l be (-1)/(2 - 3)*4 + 1. Let r be (l - (-96)/(-18))/(2/(-18)). What are the prime factors of 46/3*r + -4?
2, 3, 7
Suppose 650 = 8*a - 3*a. Suppose 0 = -2*h - 2*z + 32, -5*h - 5*z + 10*z = -a. Suppose 20*d + 53 = h*d. What are the prime factors of d?
53
Let j(h) = 31*h**2 + 6*h + 6. Let n(q) = 154*q**2 + 31*q + 29. Let s(d) = 11*j(d) - 2*n(d). Let k be s(-3). Let p = -196 + k. List the prime factors of p.
97
Let k = -9830 + 24170. What are the prime factors of k?
2, 3, 5, 239
Suppose 66 = 3*n + 8*n. What are the prime factors of 123 - ((-25)/5 + n)?
2, 61
Suppose 3*u = 2*y - 1247 + 3830, 3 = -y. Let n = u + -182. What are the prime factors of n?
677
Let s = 104911 + -32480. What are the prime factors of s?
72431
Let z = 4130 + -1789. Suppose -6*k + z = -923. List the prime factors of k.
2, 17
Let g be (-1 + 1)*(-1 - -2)/3. Suppose -259 = -a + 2*r, g = -2*a + r - 3*r + 506. Suppose -a = -5*q - 150. What are the prime factors of q?
3, 7
Let z(o) = 150*o + 807. What are the prime factors of z(16)?
3, 